greatest common factor of h and k?
1
Let p = 134 + -85. Suppose 10*a - p = -9. What is the greatest common divisor of a and 52?
4
Let v(q) = 5*q**2 + 2*q + 10. Let x be v(0). Calculate the greatest common factor of x and 85.
5
Suppose 6*p - p + 20 = 0, -4*f - 2*p = -200. What is the greatest common factor of 338 and f?
26
Suppose 2*r = 3*r + 2*b - 275, 5*r - 1399 = 2*b. Calculate the highest common divisor of 9 and r.
9
Suppose 2*w + 8*k = 4*k + 50, 3*k = 6. Suppose -5*l + 9 = -4*l. Let t be l/6*-2 + 6. What is the highest common factor of t and w?
3
Suppose 5*g - 4 - 12 = b, g + 4*b = -1. Let u(a) = a - 6. Let l be u(6). Suppose -5*p + g*p + 440 = l. Calculate the highest common factor of p and 20.
20
Suppose 8*m + 47*m = 1760. Suppose -16*d + 32 = -14*d. What is the greatest common factor of m and d?
16
Let o = -431 - -513. Calculate the greatest common divisor of o and 328.
82
Suppose 0 = 5*l + 282 - 62. Let a = l + 62. Suppose -5*k = 4*f - 293, -2*f + 73 = -f + k. What is the highest common divisor of f and a?
18
Let z(p) = -2*p + 2. Let t be z(4). Let h be 0*2/t + 2. Suppose h*i + i = 21. Calculate the highest common factor of 49 and i.
7
Let t(r) = r**2 - 10*r + 18. Let g be t(8). Suppose -c - c + 236 = -g*k, 2*k - 448 = -4*c. What is the greatest common factor of 76 and c?
38
Suppose 130 = 4*g + 78. Calculate the greatest common divisor of g and 13.
13
Let h(n) = 64*n - 104. Let r be h(9). Calculate the greatest common divisor of 826 and r.
118
Let r be -3 + (-16)/(-4) + -72. Let v = 72 + r. Suppose 0*j + 12 = 3*j, -3*j + 17 = m. What is the highest common divisor of v and m?
1
Let w(p) = p**2 - 22*p + 106. Let y be w(5). What is the highest common factor of y and 84?
21
Let x(i) = -3*i**2 - 171*i**3 + 2*i + 3 + 172*i**3 + 4*i**2. Let g be x(0). Calculate the highest common divisor of 33 and g.
3
Let x(q) = -7*q - 39. Let f be x(-6). Suppose -f*c + 5*n + 110 = 0, -4*n + 16 = 3*c - 58. Calculate the highest common divisor of c and 45.
15
Let c be 2/(-7) - (-174)/21. Let d = 12 - c. Suppose 5*a - 5*m + 3*m = 840, d*a = -5*m + 705. What is the greatest common divisor of 17 and a?
17
Let w = 17 - 12. Let m(v) = v**3 - 3*v**2 - 7*v. Let k be m(w). Let j = k + 21. What is the highest common divisor of j and 4?
4
Let q be (26/5)/(2/10). Let l be (3 - 2) + 11 - 4/2. Let r be 0 + (-25)/l*-26. Calculate the greatest common divisor of r and q.
13
Let d = -99 - -122. What is the greatest common divisor of 23 and d?
23
Suppose -5*m + 166 = 4*s + 18, -4*m = 16. Suppose -5*w + 572 = s. Suppose -4*z = -w - 414. Calculate the highest common factor of z and 52.
26
Let x(q) = -65*q. Let m(j) = 16*j. Let s(a) = -13*m(a) - 3*x(a). Let z be s(-7). Calculate the greatest common factor of z and 13.
13
Let a be 1*(4*11)/2. Let s = -8 + 0. Let n(f) = f**3 + 11*f**2 + 9*f - 10. Let v be n(s). What is the greatest common factor of a and v?
22
Let v(j) = 2*j + 9. Let n be v(-5). Let h = -32 + 45. Let w = h - n. Calculate the highest common divisor of 56 and w.
14
Let t(b) = b + 14. Suppose 0 = -2*q + 2*z - 18, -5*q = -3*z + 6 + 43. Let x be t(q). Suppose 54 = 2*r - 0*r. Calculate the greatest common factor of x and r.
3
Suppose -5*g - 55 = -6*g. Let v = g + -31. Let b(z) = 4*z - 65. Let i be b(17). Calculate the greatest common divisor of v and i.
3
Let s be (-9)/4 + 2 + (-157)/(-4). Suppose 42*x = s*x + 78. Let r be ((-12)/(-15))/(2/65). What is the greatest common factor of r and x?
26
Let o = 240 + -51. Let v be (-1380)/24 - (-3)/2. Let s = v + 77. What is the greatest common divisor of o and s?
21
Let s be -5 + 6 + 0 + (4 - 2). Suppose -52 = s*q - 277. What is the greatest common divisor of q and 25?
25
Let b(y) = 14*y**3 + y**2 - y - 1. Let j be 6/4*-2 - -4. Let d be b(j). What is the highest common factor of d and 143?
13
Let o be 72/2*(-2)/(-3). Let r(q) = q**3 - q**2 - 22*q + 13. Let y be r(5). Calculate the greatest common factor of y and o.
3
Let k be (128/30 + 3/(-5))*18. What is the highest common divisor of k and 18?
6
Let k be (-4 + (-3 - -3))/(-4). Let c be (k + -73)*36/(-54). Suppose 0*g - 4*g = -96. What is the highest common factor of g and c?
24
Let y = -10 + 10. Let p be (2 + y)/1 - -82. Suppose 0 = 4*l - 63 + 15. What is the greatest common divisor of l and p?
12
Let h = 120 + -9. Let v = -71 + h. Calculate the greatest common divisor of v and 16.
8
Let p = 727 - 723. What is the highest common divisor of 39 and p?
1
Suppose 0 = k - 4 + 3. Let p be k - (-6)/(-5 - -2). Let y be 3*39/9 + p. Calculate the highest common factor of 4 and y.
4
Let d = 4 - 8. Let r be 124/12 + d/(-6). Let f be 2/(12/(-27))*-22. Calculate the highest common divisor of f and r.
11
Let w = 462 - 452. Calculate the greatest common factor of 1 and w.
1
Let t = 14 - 5. Let f = -4 + t. Suppose f = -3*q + 29. What is the greatest common divisor of 88 and q?
8
Let x = -218 - -304. What is the highest common factor of 129 and x?
43
Suppose 4*s - 233 = -3*r - 78, 2*s = 4*r - 192. Suppose 0 = -2*i - r - 11. Let g = 108 + i. What is the highest common divisor of 13 and g?
13
Let i(d) be the second derivative of -d**3 + 15*d**2 + 30*d. Let u be i(0). Calculate the greatest common divisor of u and 5.
5
Suppose -4*l = -81 + 21. Let v be l/12 + (-6)/(-8). Let q be 14 - (0/(-2))/2. What is the greatest common factor of q and v?
2
Let h be (-4466)/21*(0/4 + -3). Calculate the greatest common divisor of h and 58.
58
Suppose 0*w - 43 = -w. Let l = 45 - w. Calculate the greatest common divisor of 7 and l.
1
Suppose -96*i = -34*i - 16740. What is the highest common divisor of 24 and i?
6
Suppose -4*y + 5*c = -339, -3*y + 0*y = 5*c - 298. Calculate the greatest common divisor of 806 and y.
13
Let h(g) = -g**2 - 7*g - 19. Let n be h(-9). Let f = -1 - n. Calculate the greatest common factor of 4 and f.
4
Let a be 2 + ((-7)/(-2))/7*4. Let r(w) = -w**3 + 7*w**2 - 5*w + 2. Let k be r(a). Calculate the greatest common divisor of 270 and k.
30
Let f be 430/14 + 2/7. Let n = -7779 - -7934. What is the highest common divisor of n and f?
31
Let v(r) = -2*r**2 + 53*r + 65. Let l be v(26). What is the greatest common divisor of 117 and l?
13
Let d(s) = -s**3 + 3*s**2 + 4*s + 3. Let t be d(-3). Let p = -8 + 12. Suppose a - p - 143 = -5*z, -5*a = 15. Calculate the greatest common divisor of t and z.
15
Let n(v) = 42*v**2 - 35*v - 105. Let f be n(-3). Calculate the greatest common divisor of f and 162.
54
Let a(k) = 10*k**2 + 40*k + 11. Let i be a(-7). What is the greatest common divisor of i and 68?
17
Let d = 40 + -28. Let r(b) = b + 25. Let f be r(-7). What is the greatest common divisor of f and d?
6
Let d be (1 - 7 - -1)*-1. Suppose a = -0*a + d. Let t be (-44)/77 - (-249)/7. Calculate the highest common divisor of t and a.
5
Suppose -4*l + 13 + 31 = 0. Let u(z) = -4*z**3 - 5*z**2 - 6*z - 2. Let t be u(-2). What is the highest common factor of l and t?
11
Let w be 2/(-8) + (3 - 16566/(-24)). What is the greatest common divisor of w and 77?
77
Let v(n) = -4*n + 9. Let p be v(7). Let r = -9 - p. Let c = r - -5. Calculate the greatest common factor of 75 and c.
15
Let d = -59 + 235. What is the greatest common divisor of d and 80?
16
Suppose -18*j + 4739 = 1597 - 1232. Let d(u) = 26*u + 3. Let o be d(3). Suppose 5*p = 2*p + o. What is the greatest common factor of j and p?
27
Suppose -2*o - 260 = -6*o. Suppose -5 + o = 10*v. Calculate the highest common factor of v and 6.
6
Suppose 577 = 21*g - 263. Let o be 29/3 + (-2)/(-6). Calculate the greatest common factor of o and g.
10
Let k = -640 - -712. Suppose 18 = q - 3*q. Let t be (-2)/2*(q + 0). What is the greatest common factor of k and t?
9
Suppose -435 = 2*r - 7*r + c, -2*c + 348 = 4*r. Let u = r - 81. Calculate the greatest common factor of u and 24.
6
Let x = 24 + -16. Suppose 2*j = -5*f - x, -j = 5*f - 2*f + 6. Let i be 482/j + (-2)/6. What is the highest common divisor of 16 and i?
16
Let i = 8 - 2. Suppose 4*k - i*k + 192 = 0. Suppose -4*f = 5*x - 76, -4*f + 5 = -x + 1. What is the highest common divisor of x and k?
12
Let j(g) = 5*g + 12. Let q(v) = v**3 + 6*v**2 - 3*v - 11. Let b be q(-6). Let o be j(b). Let r = o - 36. Calculate the greatest common factor of 22 and r.
11
Suppose 2*m - 12 = -m. Suppose -s - 3*s + 4*w = -20, 4*s + m = -4*w. 